9247 - -9300. What is the highest common divisor of s and t?
53
Let r = 618 - 894. Let b be 368/r - (-176)/6. Calculate the greatest common divisor of 378 and b.
14
Suppose 1330 = 17*w - 3*w. Let q(f) = -f**3 + 3*f**2 + 5*f - 10. Let v be q(3). Calculate the greatest common factor of w and v.
5
Let p(k) = 19*k**2 + 16*k + 70. Let r be p(-3). Suppose -7 = -4*d + r. Let w be 1/3 - (-59)/3. What is the greatest common divisor of d and w?
10
Suppose -16027*c + 3432 = -16014*c. What is the greatest common divisor of c and 462?
66
Let y(x) = -11 + 15*x - 13 + 49*x**3 - 50*x**3 + 7*x**2 + 4. Let f be y(8). Calculate the greatest common factor of f and 27.
9
Let n = -2244 - -2248. Let r(d) = 3*d**2 + 9*d + 44. Let a be r(-8). Calculate the greatest common divisor of n and a.
4
Suppose 5*n - 83 = -3*w, 4*n - w - 56 = -6*w. Let y = -95 + 171. Let z = y - 57. What is the highest common factor of n and z?
19
Let m be ((-232)/2)/(2/(-7)). Let o = 315960 + -315902. Calculate the greatest common factor of m and o.
58
Let f = 7 + -4. Suppose f*v - 4*v + 63 = 0. Let x = 21 - 14. Calculate the greatest common factor of v and x.
7
Suppose -t - 4*l + 197 = 0, -3*l = -2*t - 2*t + 845. Let w = -179 + t. Calculate the highest common factor of 20 and w.
10
Suppose -2*x + 794 = -4*z, 28*x + 5*z + 1990 = 33*x. Let w = x - 390. Calculate the greatest common factor of w and 63.
9
Let t = -48 - -35. Let w = t - -13. Suppose -f + 6*f - 180 = w. Calculate the greatest common divisor of 9 and f.
9
Suppose -16*d + 52 = -3*d. Suppose -d*a - v + 701 = 0, -9*a + 5*a = -4*v - 716. Calculate the greatest common factor of 32 and a.
16
Let o = 1811 - 1455. Calculate the greatest common divisor of o and 36.
4
Let z be (-60)/(9 + 1) + (11820 - (-2)/1). Calculate the highest common factor of 14 and z.
14
Let g(q) = 24*q**2 - 22*q + 69. Let f be g(4). Calculate the highest common factor of 146 and f.
73
Let r be 377/1*(-42)/(-546). Calculate the highest common divisor of 16849 and r.
29
Let h = -39036 - -39110. Calculate the highest common factor of h and 9694.
74
Suppose -4*s - 9*f + 13*f + 2232 = 0, 0 = 4*s + 3*f - 2274. What is the greatest common factor of 1551 and s?
141
Let i be (-21 + 18 - -3 - (-1 - 3)) + 437. Calculate the greatest common divisor of i and 777.
21
Let a = -41313 + 41320. Suppose 4*j + j - t - 172 = 0, 5*j = -3*t + 184. Calculate the highest common divisor of j and a.
7
Suppose 23 = 2*u + j + 2, j = 3*u - 19. What is the greatest common divisor of 3948 and u?
4
Suppose 0 = 3*o - 3*l - 78, -2*l = -0*o + 3*o - 93. Let j be -2*(-1 + 0) - (19 + -2). Let x = j + 247. Calculate the greatest common factor of o and x.
29
Suppose 20*s = 49014 + 11126. What is the highest common factor of 31 and s?
31
Let o(y) = -y**3 - 5*y**2 + 3*y + 5. Let u be o(-8). Let b = u + 38. Suppose 4*a - 41 = b. What is the greatest common factor of 7 and a?
7
Let w(x) = -x - 1. Let v be w(-6). Suppose v + 13 = 9*y. Let n(t) = 2*t**2 + 2*t. Let j be n(y). What is the greatest common factor of 24 and j?
12
Let t(r) = -7*r + 30. Let m be t(4). Suppose 5*p - m*g - 242 - 870 = 0, 2*g = p - 216. Calculate the greatest common factor of 140 and p.
28
Let f be 1 - 4 - 45/(-18) - 91732/(-8). What is the highest common factor of f and 14?
14
Let x(z) = 2*z**2 + 17*z - 13. Let o be x(-10). Suppose -o*t + 13*t = 280. Let j be (-160)/t - (-4)/(-14). Calculate the greatest common factor of 2 and j.
2
Suppose -13*y + 18*y = -4*o + 3290, 5*o + 4*y - 4126 = 0. Calculate the highest common divisor of o and 20.
10
Suppose 2*a + 6 = 0, 35*a - 31*a - 609 = -3*h. Let u be (-1)/3*-12*(-63)/(-14). What is the highest common divisor of u and h?
9
Suppose a + 28*m - 31*m - 1113 = 0, -a = 2*m - 1158. Calculate the greatest common divisor of a and 720.
60
Let c = -22352 + 45347. What is the greatest common factor of c and 14?
7
Let s(p) = 193*p - 494. Let q be s(3). Calculate the highest common factor of 187 and q.
17
Suppose 4*o - 4*d - 52 = 0, 29*o - 27*o - 3*d - 20 = 0. What is the highest common factor of o and 969?
19
Let v = 2747 - 1414. What is the greatest common factor of 301 and v?
43
Let y(d) = d**3 - 52*d**2 + 4*d + 98. Let z be y(52). Calculate the greatest common factor of z and 126.
18
Let r be 39/5 - 2/(-10). Let v be (r/(-50)*-5)/((-2)/(-55)). Let g = 26 + v. What is the greatest common factor of g and 192?
48
Let u = -67 - -83. Suppose -u*n + 33*n = 4012. Calculate the greatest common factor of 59 and n.
59
Suppose -4*v + 14 = -3*y, 2*v - 4*v + 5*y + 14 = 0. Suppose p - 4*d = 42, v*p + 2*d - 60 = 4*d. What is the greatest common divisor of 52 and p?
26
Suppose -32*z + 4787 = 467. Calculate the greatest common divisor of z and 285.
15
Let p be 48/42 + (-10)/175*-20455. What is the greatest common factor of 45 and p?
45
Let t = 1336 + -1265. Suppose -u - 5*h = 44, -5*h + 32 = -3*u - 100. Let j = u + t. Calculate the highest common divisor of j and 108.
27
Suppose 0*n = -o - n + 80, -5*o + 416 = -3*n. Let s = -170 + 174. Suppose 903 = s*f + 83. What is the highest common factor of o and f?
41
Suppose -5*z = -0*z - 10. Suppose 71 = -z*j + 383. Suppose -3*c = -30, 18*c - 20*c + 68 = 2*x. What is the greatest common divisor of j and x?
12
Let d(l) = 4*l**2 - 26*l - 15. Let p be d(9). Let k = 67 + -37. Let x be k/(-7)*28/(-4). What is the greatest common divisor of x and p?
15
Let x(q) = -q**3 + 10*q**2 + 5*q. Let f be x(10). Let v = 13 - -37. Calculate the greatest common factor of f and v.
50
Let s be ((-1)/(-1))/((-1)/(-34)). Let c = 402 + -79. Suppose -7*t = -272 - c. What is the greatest common divisor of s and t?
17
Let n be (-2 + (-13121)/5)*(30 + (-1155)/33). Calculate the highest common factor of n and 9.
9
Let t = -42 + -16. Let q = 57 + t. Let h be q/5 - 122/(-10). What is the highest common divisor of h and 6?
6
Suppose 5*k = -d - 4, 5*k + 11 = -4*d - 5. Suppose k = 4*c - 274 - 126. Calculate the highest common divisor of c and 40.
20
Let t(f) = 15*f - 79. Let k be t(10). Let y = 82 - k. What is the greatest common divisor of y and 814?
11
Let u(x) = 15*x**2 + 6*x + 14. Let n be u(-9). Suppose 4175 - n = 10*h. Suppose 17*k = 14*k + h. Calculate the greatest common factor of 40 and k.
20
Suppose 49*q - 43 - 986 = 0. Let u = -14 + 10. Let f be ((-2352)/(-64))/((-1)/u). What is the highest common divisor of q and f?
21
Suppose 0 = 5*p - 236 - 484. Suppose -2*m - 36 = -p. Suppose -1103 + 1127 = 4*h. Calculate the greatest common factor of m and h.
6
Suppose 488 = 5*h + 113. Suppose h*r = 72*r + 57. Calculate the highest common divisor of r and 323.
19
Suppose j - 7 = -o, 4*o + 8*j - 4 = 10*j. Suppose 11 = o*c - x, c - 4*x + 7 = 6*c. Calculate the greatest common factor of c and 15.
3
Let p = -75 - -64. Let d be -4 - -4 - (3 + p). What is the greatest common factor of 136 and d?
8
Let v be (-192)/(-14) - 18/(-63). Suppose -7*k + k = -1848. Let x = -154 + k. What is the highest common divisor of x and v?
14
Suppose -12*n + 222 = -6*n. Let j = n + -2. What is the highest common factor of j and 280?
35
Suppose -94*s + 96*s - 54 = 2*r, r = 4*s - 123. What is the greatest common factor of s and 68?
4
Let d(o) = -76*o - 286. Let i be d(-5). What is the highest common factor of 18 and i?
2
Let u = 90 + -1022. Let f = -601 - u. Suppose 2*j + 5*s - f = 0, -6*j + j + 2*s = -755. What is the greatest common divisor of j and 17?
17
Suppose 4*f + 0*f = -32. Let u be 2*3/f*18*-28. Suppose 2*o - u = -o. What is the highest common divisor of o and 18?
18
Let m be (-5)/5*-2*-29. Let w = m - -104. Calculate the greatest common divisor of 23 and w.
23
Let l(w) = 3*w**3 - 52*w**2 - 33*w + 6. Let p be l(18). What is the highest common factor of 123 and p?
3
Let q = 5610 + 17. What is the greatest common divisor of q and 34?
17
Let t(w) = -9*w - 11*w - 34 - 3*w. Let l be t(-3). Calculate the greatest common divisor of 35 and l.
35
Suppose -2 = w - 1. Let r = w + 16. Let c = -842 - -857. What is the greatest common factor of c and r?
15
Let j be 258/(-4)*2/(-3). Suppose j + 23 = 2*k. Let n be (-231)/99 - (-80)/6. Calculate the highest common divisor of n and k.
11
Suppose -2*p + 462 + 468 = 340. What is the highest common factor of 59 and p?
59
Let b = -11342 + 12227. What is the highest common divisor of b and 120?
15
Le